(7).
8
Let b(d) be the third derivative of -d**5/60 - 7*d**4/24 - 4*d**3/3 + 47*d**2. Calculate b(-8).
-16
Let t(f) = -4 - 3 - 1162*f**2 + 2318*f**2 + 4 - 1154*f**2 + f. What is t(2)?
7
Let a be ((-11)/(-88))/(1/8). Let p be (156/(-260))/(a/(-5)). Let w(j) = -j**3 + 3*j**2 + 2. Calculate w(p).
2
Let z(v) = 2*v + 1. Suppose 60 = 3*k - 2*c + 11, 0 = c + 5. Suppose 5*g = k*g + 32. What is z(g)?
-7
Let u(p) = p**2 - 4*p + 2. Suppose j = -2*f + 24, -5*j = -2*j + 4*f - 74. Suppose -11 - 6 = -5*y - 4*x, -4*y = -3*x - j. Determine u(y).
7
Suppose -75 = -2*c - 3*c + 5*a, 2*a = 6. Suppose -3*n - 5*r = -34, -3*r + c = 3*n - 6*r. Let t(w) = 2*w + n - 2*w**3 + w**3 - 6. Give t(-2).
6
Suppose -82 + 78 = -4*v. Let f be v/(-11) + (-1960)/(-385). Let m(u) = 7*u - 2. Give m(f).
33
Let x be (12/(-30))/(1/(-30)). Let p(d) = -x - 4 + 19 - 6 - d. Suppose -b - 3 - 1 = 0. Calculate p(b).
1
Let k(z) be the third derivative of z**6/120 + z**5/60 - z**4/2 + 5*z**3/6 - 2*z**2 + 11*z. Let t be k(-4). Let m(l) = -l - 2. What is m(t)?
-7
Let y be (4 - 1)/((-9)/(-12)). Suppose -4 = -y*o + 3*o. Let a(h) = o - h - 4 - 5*h**2 - h**3 + 0. Calculate a(-5).
5
Let v(f) = 17*f + 55. Let y(o) = 11*o + 37. Let d(n) = 5*v(n) - 8*y(n). Suppose 36*q = 29*q - 70. What is d(q)?
9
Suppose 166*m = 169*m + 6. Suppose 12 = -2*n - 4*j, 2*n - 2*j - 10 = 2. Let y(s) = 1 + 2*s + 4*s**n + 2 - 5*s**2 + s. What is y(m)?
-7
Let v = 157 - 162. Let h(d) = -10*d - 27. Calculate h(v).
23
Let l = -155519/60 + 2592. Let z(y) be the third derivative of -y**2 + 0 + 0*y + 1/3*y**3 - l*y**5 + 5/24*y**4. Give z(5).
2
Let w = -43 - -19. Let i be (-10)/8 + w/32. Let a(p) be the third derivative of -p**5/20 - p**4/12 + p**3/6 - 304*p**2. What is a(i)?
-7
Let b be ((-12)/8 + 1)*-4. Suppose -5*m = -b*m - 30. Let a(c) = -11*c - m + 12 + 2*c**2 + 6*c. What is a(3)?
5
Let w(k) be the first derivative of -k**6/120 + k**5/20 - k**4/24 - 19*k**2/2 - 98. Let y(x) be the second derivative of w(x). Determine y(2).
2
Let r(y) = 2*y - 13 - 2 - y. Let m(w) = 7*w**2 + 141*w - 117. Let j be m(-21). Calculate r(j).
-6
Let g(c) be the first derivative of -c**3/3 + 6*c**2 - 11*c - 609. Let v(i) = -4*i - 2. Let s be v(-3). Give g(s).
9
Let v(y) be the first derivative of -2*y - 1/2*y**2 + 1/20*y**5 - 14 - y**3 - 1/4*y**4. Let m(w) be the first derivative of v(w). What is m(5)?
19
Let t(d) = d**3 - 8*d**2 + d + 10. Let y(z) = -z**2 - 27*z - 49. Let m be y(-15). Suppose 0 = 12*v + 35 - m. What is t(v)?
18
Let l = 180 - 183. Let g(y) be the third derivative of y**6/120 + y**5/30 - y**4/12 - y**3/2 + 4*y**2 - 2. What is g(l)?
-6
Let j(z) = -7*z + 222. Let p be j(31). Let f(a) = 0*a + 8 + 3 - 1 + p + a. Give f(0).
15
Let j = -1378 + 1390. Let x(m) = m**3 - 11*m**2 - 12*m + 6. What is x(j)?
6
Let f = 27 - 21. Let x be (2/f)/(1/(-18)). Let c(l) = l**3 + 10*l**2 + 3*l + 6. Let b(u) = -u**3 - 9*u**2 - 4*u - 5. Let a(n) = -3*b(n) - 2*c(n). What is a(x)?
3
Let a = -66 - -99. Let t be a/(-21) - 12/(-56)*-2. Let o(h) = 9*h + 3. Give o(t).
-15
Suppose 4*x - 75 = 5*d - 44, d = x - 7. Let u(h) = -2*h**2 - 2*h**3 + 0*h + 5 - 4 + 3*h. Determine u(d).
28
Let i(m) = -m**3 - 9*m**2 + 54. Let a be i(-7). Let u(p) = p**2 + 47*p + 136. What is u(a)?
4
Let y(u) be the third derivative of -u**6/120 + 23*u**5/60 - 4*u**4/3 - 203*u**3/6 + 10078*u**2. What is y(21)?
7
Let s(m) = m**2 + 5*m - 1. Let c(w) = 242*w - 1455. Let a be c(6). Calculate s(a).
-7
Let n(z) = -358*z + 6*z**2 + 359*z + 2*z**2 + 5. Let j be (-34)/85*-15*(-3 + 4). Let r(k) = 7*k**2 + k + 4. Let f(g) = j*n(g) - 7*r(g). Calculate f(2).
-4
Let g(b) = 4*b + 1. Suppose -3*j - 4*n + 17 = 0, n - 2*n + 11 = 3*j. Suppose 3*t + j = 0, 3*p + 2*t - 23 = -2*t. Suppose 7*w + 5 = -p. Give g(w).
-7
Suppose -44*h = 48*h - 81*h - 55. Let w(d) = -2*d**2 + 19*d - 38. What is w(h)?
7
Let g(x) = -6*x**2 + 2*x - 1. Let p(f) = -3*f - 20. Let y be p(-11). Suppose 0 = -5*q - 4*r + y, 2*r = -4*q - 0*r + 8. Determine g(q).
-5
Let v(l) = 17*l - 19. Let p be 1168/1314 + 142/(-18). What is v(p)?
-138
Let s(w) = -25*w + 5*w**2 - 10*w**2 + 4*w**2 + 22. Let j be s(-26). Let k(g) = 5*g + 5. Give k(j).
-15
Let q(s) = -7*s**3 - 12*s**2 - 55*s + 23. Let i(y) = 8*y**3 + 11*y**2 + 59*y - 22. Let a(p) = -8*i(p) - 9*q(p). Calculate a(21).
11
Let a(f) be the second derivative of -5*f**3/6 - 7*f**2/2 - 2*f + 4. Suppose 2*m - 7 = 7*m + 3*w, -3*m - 3*w = 3. What is a(m)?
3
Let t(d) be the second derivative of -d**5/20 + 3*d**4/4 - d**3/3 - 4*d**2 + 53*d + 3. Calculate t(9).
-26
Let o(x) be the third derivative of -x**7/840 + x**6/60 - x**5/24 + x**4/8 - 23*x**3/6 - 2*x**2 - 2*x. Let y(c) be the first derivative of o(c). Calculate y(5).
3
Let f(b) = 5*b**2 - 13*b + 3. Let d(l) = -l**2 + l + 1. Let x = -58 + 37. Let s = 20 + x. Let m(y) = s*f(y) - 6*d(y). What is m(-7)?
-9
Let n(d) be the first derivative of -9*d**4/4 + d**3/3 + d**2 + d + 4. Let b = -122 - -123. Let s be b*4*-1 + (2 - -1). Calculate n(s).
9
Let m(l) = l**2 + 10*l + 2. Let u = -1773 + 1764. Calculate m(u).
-7
Suppose -19 = -5*q + 4*x, -77*q - 3*x - 23 = -72*q. Let l(b) = 5*b**2 - 44*b - 45. What is l(q)?
4
Suppose 0 = -3*y + 2*a + 63 - 105, 0 = -5*y - 3*a + 6. Let l(c) = -6 - 2 - 3*c**2 + 2*c**2 - 7*c. Determine l(y).
-2
Let q be 2/(-2)*3/1. Let p(s) = -5*s**2 - 114*s + 5. Let h(v) = 16*v**2 + 370*v - 17. Let n(t) = 4*h(t) + 13*p(t). Calculate n(q).
-6
Let r = 46858/3 + -15619. Let w(k) be the first derivative of 0*k**2 + 30 + k + r*k**3. Calculate w(3).
10
Let b(q) = -4*q - 7. Let u = 157 - 166. Let o(f) = -2*f**3 - 16*f**2 + 17*f - 13. Let m be o(u). Give b(m).
9
Let b be (72/48)/(24/(-16)). Let o(a) = 6*a**3 + 3*a**2 + 9*a + 7. Calculate o(b).
-5
Let b(m) = m**2 - 6*m + 7. Let k be 19 + -13 + (-4 - -1*8). Determine b(k).
47
Let f(g) = g**2 + 15*g + 2. Suppose 0 = 54*p - 65*p. Let i be (-19 - p) + 20/2 + -6. Determine f(i).
2
Let q be ((-3)/(-4))/((-425)/420 + 1). Let o = q - -65. Suppose 0 = o*w + 3 - 11. Let b(n) = 4*n - 1. What is b(w)?
15
Let j(k) be the first derivative of 4*k**2 - k - 1228. Let d be -1*(-3 + 2)*1. Suppose -d = -5*c + 4*c. Give j(c).
7
Let x(p) be the first derivative of -p**2 + 0*p + 2/3*p**3 - 126. Suppose 3 = -j + 1. What is x(j)?
12
Let j(y) = -4*y + 16. Let x(t) = -5*t + 17. Let c = -2 + -10. Let m = c - -6. Let p(b) = m*j(b) + 5*x(b). Calculate p(-9).
-2
Let o(m) = -13*m**3 + 18*m**2 - 3*m - 6. Let v be 1 - -4 - (-6 - (-9 + 4)). Let t(d) = 7*d**3 - 10*d**2 + 2*d + 3. Let z(s) = v*o(s) + 11*t(s). Determine z(2).
-11
Suppose -2*n - 4 = -34. Suppose 5*t = z + n, -4*t - z + 0 = -12. Suppose 0*q - q = -t. Let w(m) = 5*m - 3. Calculate w(q).
12
Let p(r) = -r**2 + 12*r + 4. Suppose 92*j - 89*j - b + 1761 = 0, 0 = -2*j + 4*b - 1174. Let w = 599 + j. Calculate p(w).
4
Suppose -o - 125 = -4*k, 0 = -k - 5*o + 26. Let m(w) = 24 - k + 2*w**2 + 206*w - 211*w. Give m(6).
35
Let w(d) be the first derivative of d**4/4 - 10*d**3/3 - d**2 - 15*d + 2156. Calculate w(10).
-35
Let j(v) = v**3 + 2*v**2 - 3*v + 3. Let z(t) = 6*t**2 + 3*t + 4. Let x be z(-2). Suppose 3*d = -0*d + 5*q - 34, -2*q + x = -4*d. Calculate j(d).
3
Let b be 16*((-56)/(-28) - (-6)/2). Let a be (-5)/(-4)*b/10. Let f(l) = l**2 - 8*l - 3. Calculate f(a).
17
Let a(k) = -9*k + 20. Let o(f) = -21*f**3 - 188*f**2 + 11*f + 22. Let n be o(-9). Calculate a(n).
-16
Let x(a) be the third derivative of -a**6/20 + a**4/24 + a**3/3 + 4757*a**2. Give x(-1).
7
Let u(i) be the first derivative of -i**2 - 7*i - 1074. Give u(9).
-25
Suppose 5*l = -13*t + 44, 2*t - 3 = -105*l + 108*l. Let r(j) = 13*j**2 + 8*j - 9. Calculate r(l).
12
Let a be 24/(-180) + (-20481)/(-45). Suppose 0 = w + 457 - a. Let p(j) = -2*j - 1. Give p(w).
3
Let n(b) = -13*b**2 + 2*b - 1. Let s(p) = p**3 - 83*p**2 - 26*p + 34. Let x(m) = -4*n(m) + s(m). Determine x(32).
-26
Suppose 10*a - 7*a - 9 = 0. Let s(d) = -8 + d + 35*d**a + 8*d - 36*d**3 - 7*d**2. Give s(-8).
-16
Let p be (50/(-75))/(2 - 4). Let l(i) be the second derivative of i**2 - i**3 + 18*i + 1/20*i**5 - p*i**4 + 0. Give l(5).
-3
Let c(k) = 1. Let u(q) = q - 3. Let f(d) = -3*c(d) - u(d). Let n(a) = 2 + 0 + 52*a - 31*a - 24*a. Let z(j) = 6*f(j) - n(j). Calculate z(4).
-14
Let b = -6 - 5. Let o(j) be the third derivative of -j**6/120 - j**5/5 - j**4/2 - j**3 + 3*j**2 + 408. Determin